{"id":231,"date":"2018-11-19T22:47:19","date_gmt":"2018-11-20T00:47:19","guid":{"rendered":"http:\/\/eventuale.com.br\/?page_id=231"},"modified":"2021-07-22T15:35:23","modified_gmt":"2021-07-22T18:35:23","slug":"inicio","status":"publish","type":"page","link":"https:\/\/eventuale.com.br\/index.php\/inicio\/","title":{"rendered":"A Empresa"},"content":{"rendered":"<p>M\u00f3veis modernos, diferentes e de alto padr\u00e3o voc\u00ea encontra na EVENTUALE. Uma empresa especializada, que\u00a0trouxe ao mercado de loca\u00e7\u00e3o um novo conceito de decora\u00e7\u00e3o, utilizando pe\u00e7as com atributos de responsabilidade ambiental e extrema qualidade.<\/p>\n<p>Somos refer\u00eancia em aluguel de m\u00f3veis sustent\u00e1veis, r\u00fasticos e sofisticados, sempre com foco na excel\u00eancia do atendimento, com agilidade e pontualidade desde o or\u00e7amento at\u00e9 a montagem\/desmontagem. Estamos preparados para transformar eventos sociais e corporativos em acontecimentos \u00fanicos e exclusivos. Venha ser EVENTUALE!<\/p>\n<p><strong><br \/>\nVALORES<\/strong><\/p>\n<p><strong>MISS\u00c3O<\/strong><\/p>\n<p>Realizar eventos exclusivos, sempre oferecendo materiais de qualidade, de acordo com as necessidades dos nossos clientes.<\/p>\n<p>&nbsp;<\/p>\n<p><strong>VIS\u00c3O<\/strong><\/p>\n<p>Ser refer\u00eancia em loca\u00e7\u00e3o de m\u00f3veis e acess\u00f3rios, gerando empregos e resultados de excel\u00eancia.<\/p>\n<p>&nbsp;<\/p>\n<p><strong>VALORES<\/strong><\/p>\n<p>&#8211; Respeito \u00e0s pessoas<\/p>\n<p>&#8211; Empreendimento com responsabilidade<\/p>\n<p>&#8211; Compromisso com parceiros e fornecedores<\/p>\n<p>&#8211; Valoriza\u00e7\u00e3o do aprendizado<\/p>\n<p>&#8211; Empresa sustent\u00e1vel e cidad\u00e3<\/p>\n","protected":false},"excerpt":{"rendered":"<p>M\u00f3veis modernos, diferentes e de alto padr\u00e3o voc\u00ea encontra na EVENTUALE. Uma empresa especializada, que\u00a0trouxe ao mercado de loca\u00e7\u00e3o um novo conceito de decora\u00e7\u00e3o, utilizando pe\u00e7as com atributos de responsabilidade ambiental e extrema qualidade. Somos refer\u00eancia em aluguel de m\u00f3veis sustent\u00e1veis, r\u00fasticos e sofisticados, sempre com foco na excel\u00eancia do atendimento, com agilidade e pontualidade [&hellip;]<\/p>\n","protected":false},"author":1,"featured_media":860,"parent":0,"menu_order":0,"comment_status":"closed","ping_status":"closed","template":"","meta":{"_mbp_gutenberg_autopost":false,"footnotes":""},"class_list":["post-231","page","type-page","status-publish","has-post-thumbnail","czr-hentry"],"_links":{"self":[{"href":"https:\/\/eventuale.com.br\/index.php\/wp-json\/wp\/v2\/pages\/231","targetHints":{"allow":["GET"]}}],"collection":[{"href":"https:\/\/eventuale.com.br\/index.php\/wp-json\/wp\/v2\/pages"}],"about":[{"href":"https:\/\/eventuale.com.br\/index.php\/wp-json\/wp\/v2\/types\/page"}],"author":[{"embeddable":true,"href":"https:\/\/eventuale.com.br\/index.php\/wp-json\/wp\/v2\/users\/1"}],"replies":[{"embeddable":true,"href":"https:\/\/eventuale.com.br\/index.php\/wp-json\/wp\/v2\/comments?post=231"}],"version-history":[{"count":5,"href":"https:\/\/eventuale.com.br\/index.php\/wp-json\/wp\/v2\/pages\/231\/revisions"}],"predecessor-version":[{"id":1471,"href":"https:\/\/eventuale.com.br\/index.php\/wp-json\/wp\/v2\/pages\/231\/revisions\/1471"}],"wp:featuredmedia":[{"embeddable":true,"href":"https:\/\/eventuale.com.br\/index.php\/wp-json\/wp\/v2\/media\/860"}],"wp:attachment":[{"href":"https:\/\/eventuale.com.br\/index.php\/wp-json\/wp\/v2\/media?parent=231"}],"curies":[{"name":"wp","href":"https:\/\/api.w.org\/{rel}","templated":true}]}}