{"id":1484,"date":"2021-07-22T22:23:49","date_gmt":"2021-07-23T01:23:49","guid":{"rendered":"https:\/\/eventuale.com.br\/?page_id=1484"},"modified":"2021-07-22T22:23:49","modified_gmt":"2021-07-23T01:23:49","slug":"politica-de-locacao","status":"publish","type":"page","link":"https:\/\/eventuale.com.br\/index.php\/inicio\/politica-de-locacao\/","title":{"rendered":"POL\u00cdTICA DE LOCA\u00c7\u00c3O"},"content":{"rendered":"<p>A Pol\u00edtica de Loca\u00e7\u00e3o da EVENTUALE tem o objetivo de manter a excel\u00eancia em nossos processos, disponibilizando ao cliente todas as informa\u00e7\u00f5es necess\u00e1rias para a loca\u00e7\u00e3o. Confira!<\/p>\n<p>Em nossos or\u00e7amentos est\u00e3o inclusos:<\/p>\n<p>&#8211; Carga e descarga do material no local do evento.<\/p>\n<p>&#8211; Embalagem preventiva (reduz a incid\u00eancia de avaria, resguardando os clientes de poss\u00edveis danos no processo de entrega e recolhimento).<\/p>\n<p>&#8211; Valor de frete n\u00e3o incide em descontos e comiss\u00f5es.<\/p>\n<p>&#8211; A EVENTUALE n\u00e3o se responsabiliza por i\u00e7amentos, em caso de necessidade.<\/p>\n<p>&#8211; A EVENTUALE n\u00e3o permite que terceiros n\u00e3o homologados transportem ou carreguem seus produtos para lugares que n\u00e3o constem em contrato.<\/p>\n<p>&#8211; Quebras, avarias e extravios ser\u00e3o cobrados posteriormente &#8211; NENHUM M\u00d3VEL PODE SER MOLHADO, a n\u00e3o ser que haja pr\u00e9via autoriza\u00e7\u00e3o da EVENTUALE.<\/p>\n<p>&#8211; \u00c9 obrigat\u00f3ria a presen\u00e7a de um respons\u00e1vel no recebimento e na retirada do material EVENTUALE. Caso ocorra algum dano durante evento e n\u00e3o houver o respons\u00e1vel no ato da retirada, a cobran\u00e7a de perdas ser\u00e1 autom\u00e1tica.<\/p>\n<p>&#8211; Todos os or\u00e7amentos s\u00e3o v\u00e1lidos por 3 dias a partir da data de emiss\u00e3o. Caso n\u00e3o seja confirmada a loca\u00e7\u00e3o do material requisitado at\u00e9 o t\u00e9rmino deste prazo, os itens estar\u00e3o automaticamente disponibilizados em estoque e poder\u00e3o, eventualmente, serem oferecidos a outros clientes.<\/p>\n<p>&#8211; Nenhum or\u00e7amento garante a reserva dos m\u00f3veis.<\/p>\n","protected":false},"excerpt":{"rendered":"<p>A Pol\u00edtica de Loca\u00e7\u00e3o da EVENTUALE tem o objetivo de manter a excel\u00eancia em nossos processos, disponibilizando ao cliente todas as informa\u00e7\u00f5es necess\u00e1rias para a loca\u00e7\u00e3o. Confira! Em nossos or\u00e7amentos est\u00e3o inclusos: &#8211; Carga e descarga do material no local do evento. &#8211; Embalagem preventiva (reduz a incid\u00eancia de avaria, resguardando os clientes de poss\u00edveis [&hellip;]<\/p>\n","protected":false},"author":1,"featured_media":0,"parent":231,"menu_order":0,"comment_status":"closed","ping_status":"closed","template":"","meta":{"_mbp_gutenberg_autopost":false,"footnotes":""},"class_list":["post-1484","page","type-page","status-publish","czr-hentry"],"_links":{"self":[{"href":"https:\/\/eventuale.com.br\/index.php\/wp-json\/wp\/v2\/pages\/1484","targetHints":{"allow":["GET"]}}],"collection":[{"href":"https:\/\/eventuale.com.br\/index.php\/wp-json\/wp\/v2\/pages"}],"about":[{"href":"https:\/\/eventuale.com.br\/index.php\/wp-json\/wp\/v2\/types\/page"}],"author":[{"embeddable":true,"href":"https:\/\/eventuale.com.br\/index.php\/wp-json\/wp\/v2\/users\/1"}],"replies":[{"embeddable":true,"href":"https:\/\/eventuale.com.br\/index.php\/wp-json\/wp\/v2\/comments?post=1484"}],"version-history":[{"count":1,"href":"https:\/\/eventuale.com.br\/index.php\/wp-json\/wp\/v2\/pages\/1484\/revisions"}],"predecessor-version":[{"id":1485,"href":"https:\/\/eventuale.com.br\/index.php\/wp-json\/wp\/v2\/pages\/1484\/revisions\/1485"}],"up":[{"embeddable":true,"href":"https:\/\/eventuale.com.br\/index.php\/wp-json\/wp\/v2\/pages\/231"}],"wp:attachment":[{"href":"https:\/\/eventuale.com.br\/index.php\/wp-json\/wp\/v2\/media?parent=1484"}],"curies":[{"name":"wp","href":"https:\/\/api.w.org\/{rel}","templated":true}]}}

POLÍTICA DE LOCAÇÃO

<p>A Política de Locação da EVENTUALE tem o objetivo de manter a excelência em nossos processos, disponibilizando ao cliente todas as informações necessárias para a locação. Confira!</p>
<p>Em nossos orçamentos estão inclusos:</p>
<p>&#8211; Carga e descarga do material no local do evento.</p>
<p>&#8211; Embalagem preventiva (reduz a incidência de avaria, resguardando os clientes de possíveis danos no processo de entrega e recolhimento).</p>
<p>&#8211; Valor de frete não incide em descontos e comissões.</p>
<p>&#8211; A EVENTUALE não se responsabiliza por içamentos, em caso de necessidade.</p>
<p>&#8211; A EVENTUALE não permite que terceiros não homologados transportem ou carreguem seus produtos para lugares que não constem em contrato.</p>
<p>&#8211; Quebras, avarias e extravios serão cobrados posteriormente &#8211; NENHUM MÓVEL PODE SER MOLHADO, a não ser que haja prévia autorização da EVENTUALE.</p>
<p>&#8211; É obrigatória a presença de um responsável no recebimento e na retirada do material EVENTUALE. Caso ocorra algum dano durante evento e não houver o responsável no ato da retirada, a cobrança de perdas será automática.</p>
<p>&#8211; Todos os orçamentos são válidos por 3 dias a partir da data de emissão. Caso não seja confirmada a locação do material requisitado até o término deste prazo, os itens estarão automaticamente disponibilizados em estoque e poderão, eventualmente, serem oferecidos a outros clientes.</p>
<p>&#8211; Nenhum orçamento garante a reserva dos móveis.</p>

<p>A Política de Locação da EVENTUALE tem o objetivo de manter a excelência em nossos processos, disponibilizando ao cliente todas as informações necessárias para a locação. Confira! Em nossos orçamentos estão inclusos: &#8211; Carga e descarga do material no local do evento. &#8211; Embalagem preventiva (reduz a incidência de avaria, resguardando os clientes de possíveis [&hellip;]</p>
